e of 397?
True
Is 13 a factor of 197405?
True
Is 613247 a multiple of 241?
False
Is 11 a factor of 2339205?
True
Is 10 a factor of 13572?
False
Does 1064 divide 8404206?
False
Is 463320 a multiple of 33?
True
Is 138 a factor of 1562298?
True
Is 331 a factor of 2294716?
False
Is 54417 a multiple of 9?
False
Does 4 divide 8447?
False
Does 31 divide 46748?
True
Is 17 a factor of 3925793?
True
Is 179 a factor of 25113?
False
Does 2132 divide 93808?
True
Is 54 a factor of 4800446?
False
Is 1356963 a multiple of 57?
False
Is 3611769 a multiple of 17?
True
Is 47448 a multiple of 8?
True
Is 187 a factor of 9338?
False
Does 14 divide 121562?
True
Does 214 divide 165208?
True
Is 11 a factor of 3151246?
False
Does 43 divide 248033?
False
Does 891 divide 557923?
False
Is 38 a factor of 657476?
True
Does 27 divide 3695420?
False
Does 741 divide 7161024?
True
Is 13506636 a multiple of 858?
True
Is 49 a factor of 28175?
True
Does 66 divide 310992?
True
Is 489888 a multiple of 189?
True
Does 20 divide 33350?
False
Does 3 divide 16318?
False
Is 459 a factor of 985473?
True
Does 357 divide 768978?
True
Does 27 divide 893684?
False
Does 146 divide 13039?
False
Does 1038 divide 1494720?
True
Does 4 divide 21270?
False
Is 10 a factor of 200650?
True
Does 18 divide 877112?
False
Is 78 a factor of 4178942?
False
Is 1271 a factor of 3350613?
False
Is 112 a factor of 29568?
True
Is 360 a factor of 1395780?
False
Is 60061 a multiple of 17?
True
Does 19 divide 7425052?
False
Is 26380 a multiple of 10?
True
Is 135 a factor of 30607995?
False
Is 415639 a multiple of 2?
False
Does 200 divide 377888?
False
Does 44 divide 81911?
False
Is 46 a factor of 548688?
True
Is 187 a factor of 60027?
True
Is 429883 a multiple of 53?
True
Is 321 a factor of 3377137?
False
Is 227581 a multiple of 13?
False
Is 6 a factor of 15040255?
False
Is 81452 a multiple of 28?
True
Does 810 divide 4437990?
True
Is 103 a factor of 389787?
False
Is 790860 a multiple of 51?
False
Is 235 a factor of 203040?
True
Does 36 divide 216468?
True
Is 303030 a multiple of 455?
True
Is 45 a factor of 59895?
True
Does 25 divide 1114275?
True
Does 556 divide 1604252?
False
Is 15 a factor of 2840790?
True
Does 38 divide 21750?
False
Is 60 a factor of 1363856?
False
Does 91 divide 241152?
False
Does 29 divide 15373?
False
Is 179292 a multiple of 223?
True
Is 63 a factor of 13066321?
False
Does 8 divide 6009172?
False
Is 54 a factor of 718632?
True
Is 113 a factor of 4989414?
False
Is 2 a factor of 83986?
True
Does 8 divide 37720?
True
Does 613 divide 227443?
False
Is 225 a factor of 2161987?
False
Is 318394 a multiple of 109?
False
Is 312 a factor of 5409935?
False
Is 34 a factor of 317114?
False
Is 5055471 a multiple of 447?
False
Is 15 a factor of 1219305?
True
Is 79 a factor of 117868?
True
Is 18 a factor of 47239836?
False
Is 2378486 a multiple of 146?
True
Does 43 divide 542200?
False
Is 2426365 a multiple of 22?
False
Is 9387588 a multiple of 1932?
True
Is 584 a factor of 233289?
False
Is 174 a factor of 619614?
True
Is 143923 a multiple of 17?
False
Is 646 a factor of 417030?
False
Is 465481 a multiple of 19?
True
Is 350682 a multiple of 554?
True
Does 758 divide 2059696?
False
Does 22 divide 818686?
True
Is 17 a factor of 213551?
False
Is 311 a factor of 1982625?
True
Does 311 divide 359516?
True
Is 2705300 a multiple of 10?
True
Is 7 a factor of 22946?
True
Is 10 a factor of 532510?
True
Is 330009 a multiple of 7?
False
Is 19611735 a multiple of 1353?
True
Is 19979750 a multiple of 490?
True
Is 2285856 a multiple of 72?
True
Is 490528 a multiple of 91?
False
Does 220 divide 685453?
False
Is 158910 a multiple of 7?
False
Is 140261 a multiple of 10?
False
Is 5536356 a multiple of 68?
True
Is 81 a factor of 1246671?
True
Is 6 a factor of 842292?
True
Is 46 a factor of 497444?
True
Does 110 divide 39289?
False
Is 3047445 a multiple of 25?
False
Does 51 divide 2582018?
False
Is 731691 a multiple of 18?
False
Is 31 a factor of 38843?
True
Is 844 a factor of 926712?
True
Is 57440 a multiple of 16?
True
Is 496 a factor of 144675?
False
Is 51533 a multiple of 16?
False
Is 6 a factor of 87022?
False
Is 612421 a multiple of 23?
True
Does 547 divide 486080?
False
Is 61 a factor of 7509100?
True
Is 179294 a multiple of 16?
False
Does 380 divide 131100?
True
Is 22 a factor of 251758?
False
Is 149364 a multiple of 14?
False
Is 32 a factor of 29483?
False
Is 1829120 a multiple of 32?
True
Does 119 divide 12123?
False
Is 30 a factor of 7729157?
False
Is 16550671 a multiple of 1245?
False
Is 238 a factor of 733196?
False
Does 451 divide 388311?
True
Is 1294 a factor of 905865?
False
Does 1479 divide 5002546?
False
Does 10 divide 441410?
True
Is 7287 even?
False
Is 501632 a multiple of 128?
True
Is 35246 a multiple of 2?
True
Is 4585500 a multiple of 900?
True
Is 43 a factor of 6184905?
True
Is 117 a factor of 3075696?
True
Is 303 a factor of 1814252?
False
Is 308654 a multiple of 86?
True
Does 145 divide 24650?
True
Does 8 divide 77090?
False
Does 23 divide 9629318?
True
Is 631182 a multiple of 126?
False
Is 165 a factor of 411473?
False
Is 327 a factor of 1242732?
False
Is 14 a factor of 125929?
False
Is 313045 a multiple of 384?
False
Does 32 divide 3220601?
False
Is 752400 a multiple of 209?
True
Is 494711 a multiple of 217?
False
Is 7 a factor of 5308539?
False
Does 58 divide 68788?
True
Is 145135 a multiple of 20?
False
Is 510 a factor of 1910090?
False
Does 4 divide 103820?
True
Does 3 divide 212176?
False
Does 301 divide 733757?
False
Does 9 divide 14001813?
True
Is 480842 a multiple of 133?
False
Is 284 a factor of 3606274?
False
Is 242462 a multiple of 206?
True
Is 67682 a multiple of 86?
True
Does 89 divide 97844?
False
Is 1038 a factor of 4440564?
True
Is 23 a factor of 6988154?
False
Is 12 a factor of 376497?
False
Is 470728 a multiple of 116?
True
Is 14 a factor of 1406972?
True
Is 7897860 a multiple of 1602?
True
Is 10982127 a multiple of 169?
True
Is 359 a factor of 11129?
True
Does 5 divide 92135?
True
Is 7 a factor of 12431101?
False
Is 215 a factor of 635828?
False
Is 82 a factor of 1923875?
False
Is 33 a factor of 797907?
True
Is 17 a factor of 62220?
True
Is 18623006 a multiple of 12?
False
Does 161 divide 250838?
True
Does 36 divide 1694852?
False
Is 59176 a multiple of 13?
True
Does 17 divide 8357152?
False
Is 3095088 a multiple of 463?
False
Does 92 divide 155750?
False
Does 33 divide 405405?
True
Is 88379 a multiple of 340?
False
Is 64989 a multiple of 249?
True
Is 45 a factor of 52687?
False
Is 9122540 a multiple of 17?
True
Is 37 a factor of 154117?
False
Is 177 a factor of 209659?
False
Is 171282 a multiple of 119?
False
Is 325 a factor of 5982925?
True
Is 5 a factor of 576595?
True
Is 213188 a multiple of 239?
True
Is 112064 a multiple of 16?
True
Is 402805 a multiple of 17?
False
Does 10 divide 462054?
False
Does 410 divide 562522?
False
Does 350 divide 245350?
True
Is 21 a factor of 138670?
False
Is 12 a factor of 21603?
False
Does 138 divide 10290522?
True
Does 100 divide 1600?
True
Does 87 divide 182646?
False
Does 79 divide 1782082?
True
Is 1259 a factor of 3345600?
False
Is 343980 a multiple of 637?
True
Is 3 a factor of 453171?
True
Is 407 a factor of 2037498?
False
Is 11587128 a multiple of 59?
True
Does 12 divide 14244?
True
Is 85814 a multiple of 16?
False
Is 840787 a multiple of 106?
False
Is 12399691 a multiple of 9?
False
Does 57 divide 12205807?
False
Does 358 divide 463750?
False
Is 85 a factor of 4267765?
True
Does 520 divide 712400?
True
Does 21 divide 32303?
False
Does 16 divide 1180064?
True
Does 73 divide 3572109?
True
Is 11 a factor of 19421?
False
Does 11 divide 970075?
False
Is 19400 a multiple of 25?
True
Does 2 divide 459721?
False
Is 4603014 a multiple of 711?
True
Is 821 a factor of 310338?
True
Is 317168 a multiple of 87?
False
Is 2847516 a multiple of 654?
True
Does 7 divide 370552?
True
Is 21 a factor of 90111?
True
Does 14 divide 57694?
True
Is 75 a factor of 204843?
False
Is 1160852 a multiple of 77?
True
Is 2 a factor of 48911?
False
Is 1739430 a multiple of 70?
True
Is 51 a factor of 207315?
True
Does 333 divide 404595?
True
Is 81 a factor of 32967?
True
Is 2413951 a multiple of 336?
False
Is 240387 a multiple of 21?
True
Is 686111 a multiple of 34?
False
Is 